of y and 9?
3
Suppose 3*v = -8 + 38. Suppose -2324 = 6*q - v*q. Let i be (-6)/10 + q/35. What is the greatest common divisor of 2 and i?
2
Let m(o) = 4*o**2 + 89*o + 40. Let w be m(-24). What is the greatest common divisor of 130 and w?
26
Let t be -2*(-92)/(-32)*-8. What is the highest common factor of 23 and t?
23
Let q(k) = 42*k + 87. Let g be q(10). What is the highest common factor of 39 and g?
39
Suppose 8*d - 17 + 1 = 0. Suppose 108 + d = i. What is the greatest common factor of 44 and i?
22
Let z be 21/4*16/6. Let u = -16 + 8. Let f = 162 + u. Calculate the greatest common divisor of f and z.
14
Let o be (-1)/3 + 66/(-18) + 284. Calculate the greatest common divisor of o and 56.
56
Suppose -2*q + 196 = -4*r, 7*q - 4*q = 5*r + 245. Let z = -39 - r. What is the greatest common divisor of 8 and z?
2
Let g = -93 - -373. Let v be g/15*(-18)/(-8). Calculate the highest common factor of v and 105.
21
Suppose 229*o - 540 = 224*o. Calculate the highest common factor of 378 and o.
54
Let b be 3/(-3) - 1*-12. Suppose 2*k + 5*d - b = 2*d, 4*k - 49 = 3*d. Suppose 0 = -4*a + 111 + 89. Calculate the highest common divisor of a and k.
10
Suppose 0 = -q + 3*q - 6, 0 = -5*y + 3*q + 1291. Suppose -4*a + 21 = -j + 73, -3*a + y = 5*j. Let w = 4 - -22. What is the highest common factor of w and j?
26
Let g be (60/9)/(-10) + (-4844)/(-12). What is the highest common factor of 26 and g?
13
Let z be (12/10)/((-9)/60). Let v be (0 + 3)/(-6)*z. Suppose -p - 4*w + v = -0*p, 0 = -w - 5. What is the highest common divisor of p and 12?
12
Suppose 0 = 2*p + 5*t + 4, -5*p + 5 = t - 8. Let l be (-16)/24 - 16/p. Let a be 1/l + 230/12. What is the greatest common factor of a and 133?
19
Suppose 45*r = 41*r + 24. What is the greatest common factor of r and 402?
6
Let s be 1/(-4) + (-115)/20. Let q be (-165)/s + 2/4. Let b be (1 - -1)/(5/10). What is the greatest common divisor of b and q?
4
Suppose -415*r + 411*r = -96. What is the greatest common divisor of 16 and r?
8
Suppose i - s + 81 = 3*i, 5*i - 203 = -3*s. Calculate the greatest common divisor of 100 and i.
20
Suppose -2 = l + 2. Let x be 14*(l + 20)/2. What is the greatest common factor of 28 and x?
28
Let w(z) = -z**3 - 7*z**2 + 13*z - 6. Let h be w(-9). Suppose -o + h = -4*x, -2*o + 4*o + x = 69. Calculate the highest common divisor of 245 and o.
35
Suppose -s + 337 = 5*y, 6*y - 2*s - 74 = 5*y. Let g = 96 - y. What is the greatest common divisor of 21 and g?
7
Let c = 58 + -35. Let m be 1/((0 + 3)/15). Suppose -f + c = m. Calculate the highest common divisor of 45 and f.
9
Let h = 57 + -40. Suppose -q + 3*u + h = 1, 0 = 5*q + 4*u - 23. Calculate the highest common factor of q and 21.
7
Suppose 369 = 2*m + 61. What is the highest common factor of 28 and m?
14
Let m = 15 + -13. Suppose 3*u - 20 = -m*u. Suppose 3*f - 126 = -u*f. Calculate the highest common factor of 6 and f.
6
Let s be (73 + -5)/(-5 + (-48)/(-9)). What is the highest common divisor of 884 and s?
68
Suppose 3*p - 4*p + 7 = 2*m, 0 = -m - 2*p - 1. Suppose m*n - 8*n = -156. Calculate the greatest common factor of n and 130.
26
Let u = -170 + 108. Let n = u - -92. Calculate the greatest common factor of n and 75.
15
Suppose 4*s - 4*n - 588 = 0, 4*n = 2*s - 130 - 154. Calculate the greatest common divisor of s and 8.
8
Let m = 334 + -298. Calculate the highest common divisor of 324 and m.
36
Let x(o) = 6*o + 91. Let k be x(-15). Calculate the greatest common divisor of k and 25.
1
Let j = -29 + 61. Let x(c) = c**2 - c - 1. Let w(b) = 7*b**2 - 10*b + 1. Let v(t) = w(t) - 5*x(t). Let s be v(6). What is the highest common divisor of j and s?
16
Suppose 4*h + 26 = l, 5*h + 10 = -5. Suppose -8 = q - 5*q. Suppose 0 = -4*y - 8, -u + 3*u - 80 = -q*y. What is the highest common factor of l and u?
14
Suppose -v + 2 = 1. Suppose 3*p = -4*m + 68, -m - v + 0 = 0. Let w be (-2)/(-12) - (-572)/p. Calculate the greatest common factor of w and 96.
24
Let w(n) = -2*n**2 + 75*n + 55. Let x be w(38). Calculate the greatest common factor of 1241 and x.
17
Suppose -y - 2*y + 246 = 3*s, -y = 2*s - 82. What is the highest common factor of 41 and y?
41
Suppose 3*q - 681 = -3*j, -178 = -2*q + 3*j + 296. What is the greatest common divisor of q and 132?
33
Let v = 70 + 2. Suppose 5*d = v + 168. Calculate the highest common divisor of 32 and d.
16
Let w(q) = -45*q. Let z be w(-2). Let r = 49 + -47. Suppose -4*b = -b + 5*v - 40, r*b - 4*v - 12 = 0. Calculate the highest common divisor of z and b.
10
Let i be ((-60)/42)/((-1)/7) + 0. Suppose -10 = -2*c - 2. Suppose -i = -y + c. What is the highest common divisor of y and 2?
2
Let d(s) = -s**2 + 30*s - 44. Let q be d(26). Let b = 41 + -29. What is the greatest common divisor of q and b?
12
Let i = -378 - -385. Suppose -4*a + 224 = -0. Calculate the highest common factor of a and i.
7
Let l(g) = 5*g**2 - 12*g - 1. Let d be 7/2 - 9/18. Let j be l(d). Calculate the greatest common divisor of 2 and j.
2
Let d(x) = x**3 + x**2 - x + 120. Let j be d(0). Let y be (-3)/1 + (18 - 39). Let u be (-2)/5*5*y. What is the highest common divisor of u and j?
24
Suppose -3*d = -d - 4. Suppose 3*t + 2*h = 2, -h - d*h = -3*t + 12. Suppose 0 = 2*j - 0 - t. What is the greatest common factor of j and 8?
1
Let n = 2516 + -2334. Suppose 4*d = -4*s - d + 84, 2*d + 8 = 0. Calculate the highest common factor of s and n.
26
Let d be (2 - (-31)/2)*126/21. What is the highest common factor of d and 5?
5
Suppose -28*n + 33*n - 2*p - 266 = 0, 3*p + 264 = 5*n. What is the highest common divisor of n and 72?
18
Suppose 20 = -0*w - 5*w - 4*m, m = w - 5. Suppose 4*i + 8 = w, -2*j + 6*j = -3*i + 218. Suppose -3*a - a = -28. What is the highest common divisor of j and a?
7
Let x be (-2 - -3)*123/3. What is the highest common factor of 779 and x?
41
Let u be -3 + 40/8 - (-284 - 2). Calculate the highest common factor of 18 and u.
18
Suppose -284*i = -264*i - 6600. What is the greatest common factor of i and 462?
66
Let m be (-2 + 1)/(2/(-24)). Let c be (-8)/16 + (-38)/4. Let x be 23 - (-5)/(c/(-2)). Calculate the greatest common factor of m and x.
12
Let r(u) be the third derivative of -u**4/24 + u**3/6 - 2*u**2. Let k be r(0). Let w be (10 - 138/12)*(1 + -7). Calculate the highest common divisor of w and k.
1
Suppose -d = 3*t - 2, -d = d + 5*t - 4. Let b be d/4*(13 - 7). Suppose -o + 5 = b*w, -29 = -3*o + w + 4*w. Calculate the greatest common factor of 88 and o.
8
Let z be -7*(-3)/(24/112). Calculate the highest common divisor of z and 28.
14
Let d(o) = -o**2 - 17*o - 15. Let s be d(-16). Let g(n) = 2*n**3 - 2*n + 2. Let p be g(s). Let z = 57 + -39. Calculate the highest common divisor of p and z.
2
Let p(n) = 13*n - 10. Let f be p(2). Suppose -2*d + f = 2*d. Let a(j) = 2*j - 2. Let b be a(4). Calculate the greatest common divisor of d and b.
2
Suppose 44*n - 59*n + 2160 = 0. What is the highest common divisor of n and 16?
16
Let l = 244 + -140. Suppose -q + 69 = v + 17, 2*q = -v + l. Let u = q + -32. What is the highest common factor of u and 20?
20
Let l = 133 - 90. What is the highest common divisor of l and 387?
43
Let p be 10*4/16*(-1 - -3). Suppose 5*d - 444 + 104 = -p*c, 5*d + 3*c = 348. Calculate the highest common factor of d and 9.
9
Let x(o) = o**2 + 15*o + 21. Let c be x(-15). Calculate the highest common divisor of c and 7.
7
Let u = 245 + -135. Calculate the greatest common factor of 44 and u.
22
Let v be (-4)/(-22) + -46*9/(-22). Calculate the greatest common divisor of v and 513.
19
Let r be (766 - 24/(-2)) + 3. What is the greatest common divisor of 33 and r?
11
Let m be 18452/(-196) + 2/14. Suppose 0 = 3*n - 0*n - 138. Let g = n - m. Calculate the highest common divisor of g and 20.
20
Let c(r) be the first derivative of r**4/4 + 2*r**3 + 3*r**2/2 - 6*r - 3. Let j be c(-4). Calculate the greatest common factor of 126 and j.
14
Let k(c) = -3*c - 18*c**3 - 5 - 5*c + 6*c**3 + 3*c**2 + 13*c**3. Let y be k(5). What is the highest common divisor of 31 and y?
31
Let b = -1318 + 1388. Calculate the highest common factor of 60 and b.
10
Let a be 6/(-21) + 131/(-7). Let i = -21 - a. Let v(y) = -4*y**3 - y - 1. Let w be v(i). Calculate the greatest common factor of w and 22.
11
Let a be 2816/154 - (-2)/(-7). What is the greatest common factor of 90 and a?
1